{"id":462,"date":"2018-09-27T09:00:27","date_gmt":"2018-09-27T09:00:27","guid":{"rendered":"http:\/\/www.autoescuelatriangulo.com\/website\/?page_id=462"},"modified":"2019-02-28T11:57:04","modified_gmt":"2019-02-28T11:57:04","slug":"permisos","status":"publish","type":"page","link":"https:\/\/www.autoescuelatriangulo.com\/website\/?page_id=462","title":{"rendered":"Permisos"},"content":{"rendered":"<p>[vc_row bg_image=\u00bb353&#8243; bg_position=\u00bbcenter center\u00bb][vc_column][vc_row_inner css=\u00bb.vc_custom_1538039631914{padding-bottom: 50px !important;}\u00bb][vc_column_inner][block_title title=\u00bbPERMISOS\u00bb][\/block_title][\/vc_column_inner][\/vc_row_inner][vc_row_inner][vc_column_inner width=\u00bb1\/2&#8243;][media image=\u00bb632&#8243;][vc_column_text]<strong>Licencia para Conducir Ciclomotores<\/strong><br \/>\nAutoriza a conducir ciclomotores de dos o tres ruedas y cuadriciclos ligeros.[\/vc_column_text][vc_column_text]La Licencia de Conducci\u00f3n para\u00a0<strong>Ciclomotores<\/strong>\u00a0no autoriza a conducir \u00e9stos cuando se transportan viajeros sin haber cumplido los 18 a\u00f1os y adem\u00e1s, deben estar homologados para dos plazas.<br \/>\nEdad m\u00ednima: 15 a\u00f1os[\/vc_column_text][\/vc_column_inner][vc_column_inner width=\u00bb1\/2&#8243;][media image=\u00bb713&#8243;][vc_column_text]<strong>Motocicletas<\/strong>\u00a0ligeras sin sidecar con una cilindrada m\u00e1xima de 125 cm3, una potencia m\u00e1xima de 11 kilovatios y una relaci\u00f3n potencia\/peso no superior a 0,11 kilovatios\/kilogramo.<br \/>\n<strong>Veh\u00edculos<\/strong>\u00a0para personas de movilidad reducida.[\/vc_column_text][vc_column_text]Edad m\u00ednima: 16 a\u00f1os[\/vc_column_text][\/vc_column_inner][\/vc_row_inner][vc_row_inner][vc_column_inner width=\u00bb1\/2&#8243;][media image=\u00bb627&#8243;][vc_column_text]<strong>Motocicletas<\/strong>\u00a0(con o sin sidecar), con una potencia m\u00e1xima de 35 Kw y una relaci\u00f3n potencia\/peso de 0,2 kW\/Kg como m\u00e1ximo y que no deriven de un veh\u00edculo con m\u00e1s del doble de su potencia.[\/vc_column_text][vc_column_text]Su obtenci\u00f3n implica la del AM y A1.<br \/>\nEdad m\u00ednima: 18 a\u00f1os.[\/vc_column_text][\/vc_column_inner][vc_column_inner width=\u00bb1\/2&#8243;][media image=\u00bb714&#8243;][vc_column_text]<strong>Motocicletas<\/strong>\u00a0(con o sin sidecar).<br \/>\nTriciclos de motor, no se pueden conducir los que excedan de 15 kW hasta los 21 a\u00f1os cumplidos.<br \/>\nS\u00f3lo podr\u00e1 expedirse a los conductores que tengan una antig\u00fcedad de 2 a\u00f1os del permiso A2.[\/vc_column_text][vc_column_text]Su obtenci\u00f3n implica la del AM, A1 y A2.<br \/>\nS\u00f3lo podr\u00e1 expedirse a los conductores que tengan una antig\u00fcedad de 2 a\u00f1os de permiso A2.<br \/>\nEdad m\u00ednima: 20 a\u00f1os. [\/vc_column_text][\/vc_column_inner][\/vc_row_inner][vc_row_inner][vc_column_inner width=\u00bb1\/2&#8243;][media image=\u00bb629&#8243;][vc_column_text]<strong>Autom\u00f3viles<\/strong>\u00a0cuya masa m\u00e1xima autorizada no exceda de 3.500 kg. y hasta 9 asientos, incluido el conductor. Pueden llevar enganchado un remolque de masa m\u00e1xima autorizada hasta 750 kg.<br \/>\n<strong>Conjuntos de veh\u00edculos<\/strong>\u00a0formados por un autom\u00f3vil de los que autoriza a conducir el permiso de la clase B y un remolque, siempre que la masa m\u00e1xima autorizada del conjunto no exceda de 3.500 kg. y la masa m\u00e1xima autorizada del remolque no exceda de la masa en vac\u00edo del veh\u00edculo tractor.[\/vc_column_text][vc_column_text]<strong>Veh\u00edculos triciclos y cuadriciclos de motor<\/strong>\u00a0cuya masa m\u00e1xima autorizada no exceda de 3.500 kg.<br \/>\n<strong>Veh\u00edculos para personas de movilidad reducida.<\/strong><br \/>\n<strong>Veh\u00edculos especiales<\/strong>\u00a0no agr\u00edcolas o conjunto de los mismos, cuya velocidad m\u00e1xima autorizada no exceda de 40 km\/h.<br \/>\n<strong>Veh\u00edculos especiales agr\u00edcolas autopropulsados o conjuntos de los mismos<\/strong>, cuya masa o dimensiones m\u00e1ximas autorizadas no excedan de los l\u00edmites establecidos.<br \/>\nNo implica la concesi\u00f3n del A1 y A.<br \/>\nEdad m\u00ednima: 18 a\u00f1os.[\/vc_column_text][\/vc_column_inner][vc_column_inner width=\u00bb1\/2&#8243;][media image=\u00bb630&#8243;][vc_column_text]Autom\u00f3vil que tenga mas de 9 plazas incluida la del conductor, destinado, por su construcci\u00f3n y acondicionamiento, al trasporte de personas y sus equipajes. Se incluye en este termino troleb\u00fas, es decir, el veh\u00edculo conectado a una l\u00ednea el\u00e9ctrica y que no circula con ra\u00edles.[\/vc_column_text][vc_column_text]Autom\u00f3viles destinados al transporte de personas:<br \/>\nCon n\u00famero de asientos, incluido el del conductor superior a nueve. Pueden llevar enganchado un remolque de M.M.A. hasta 750 Kg.<br \/>\nVeh\u00edculos especiales no agr\u00edcolas o conjunto de los mismos y agr\u00edcolas autopropulsados o conjunto de los mismos con masa o dimensiones m\u00e1ximas superiores a las autorizadas, cuando el n\u00famero de personas exceda de 17 incluido el conductor.[\/vc_column_text][\/vc_column_inner][\/vc_row_inner][vc_row_inner][vc_column_inner width=\u00bb1\/2&#8243;][media image=\u00bb631&#8243;][vc_column_text]Autom\u00f3vil con cuatro ruedas o m\u00e1s, concebido y construido para el transporte de mercanc\u00edas, cuya cabina no esta integrada en el resto de la carrocer\u00eda y con un m\u00e1ximo de 9 plazas, incluido el conductor.[\/vc_column_text][vc_column_text]Autom\u00f3viles cuya M.M.A. exceda de 3500 Kg. y hasta nueve asientos, incluido el conductor. Pueden llevar enganchado un remolque de M.M.A. hasta 750 Kg.[\/vc_column_text][\/vc_column_inner][vc_column_inner width=\u00bb1\/2&#8243;][media image=\u00bb696&#8243;][vc_column_text]Conjunto de veh\u00edculos que circula formando una unidad. Puede ser un tren de carretera, o un veh\u00edculo articulado.[\/vc_column_text][vc_column_text]Conjunto de Veh\u00edculos acoplados compuestos por:<br \/>\nUn veh\u00edculo autom\u00f3vil de la clase C y un remolque cuya M.M.A. exceda de 750 Kg.[\/vc_column_text][\/vc_column_inner][\/vc_row_inner][\/vc_column][\/vc_row]<\/p>\n","protected":false},"excerpt":{"rendered":"<p>[vc_row bg_image=\u00bb353&#8243; bg_position=\u00bbcenter center\u00bb][vc_column][vc_row_inner css=\u00bb.vc_custom_1538039631914{padding-bottom: 50px !important;}\u00bb][vc_column_inner][block_title title=\u00bbPERMISOS\u00bb][\/block_title][\/vc_column_inner][\/vc_row_inner][vc_row_inner][vc_column_inner width=\u00bb1\/2&#8243;][media image=\u00bb632&#8243;][vc_column_text]Licencia para Conducir Ciclomotores Autoriza a conducir ciclomotores de dos o tres ruedas y cuadriciclos ligeros.[\/vc_column_text][vc_column_text]La Licencia de Conducci\u00f3n para\u00a0Ciclomotores\u00a0no autoriza a conducir \u00e9stos cuando se transportan viajeros sin haber cumplido los 18 a\u00f1os y adem\u00e1s, deben estar homologados para dos plazas. Edad m\u00ednima: 15 a\u00f1os[\/vc_column_text][\/vc_column_inner][vc_column_inner [&hellip;]<\/p>\n","protected":false},"author":1,"featured_media":0,"parent":0,"menu_order":0,"comment_status":"closed","ping_status":"closed","template":"","meta":{"footnotes":""},"class_list":["post-462","page","type-page","status-publish","hentry"],"yoast_head":"<!-- This site is optimized with the Yoast SEO plugin v25.9 - https:\/\/yoast.com\/wordpress\/plugins\/seo\/ -->\n<title>Permisos - Autoescuela Tri\u00e1ngulo<\/title>\n<meta name=\"robots\" content=\"index, follow, max-snippet:-1, max-image-preview:large, max-video-preview:-1\" \/>\n<link rel=\"canonical\" href=\"http:\/\/www.autoescuelatriangulo.com\/website\/?page_id=462\" \/>\n<meta property=\"og:locale\" content=\"es_ES\" \/>\n<meta property=\"og:type\" content=\"article\" \/>\n<meta property=\"og:title\" content=\"Permisos - Autoescuela Tri\u00e1ngulo\" \/>\n<meta property=\"og:description\" content=\"[vc_row bg_image=\u00bb353&#8243; bg_position=\u00bbcenter center\u00bb][vc_column][vc_row_inner css=\u00bb.vc_custom_1538039631914{padding-bottom: 50px !important;}\u00bb][vc_column_inner][block_title title=\u00bbPERMISOS\u00bb][\/block_title][\/vc_column_inner][\/vc_row_inner][vc_row_inner][vc_column_inner width=\u00bb1\/2&#8243;][media image=\u00bb632&#8243;][vc_column_text]Licencia para Conducir Ciclomotores Autoriza a conducir ciclomotores de dos o tres ruedas y cuadriciclos ligeros.[\/vc_column_text][vc_column_text]La Licencia de Conducci\u00f3n para\u00a0Ciclomotores\u00a0no autoriza a conducir \u00e9stos cuando se transportan viajeros sin haber cumplido los 18 a\u00f1os y adem\u00e1s, deben estar homologados para dos plazas. Edad m\u00ednima: 15 a\u00f1os[\/vc_column_text][\/vc_column_inner][vc_column_inner [&hellip;]\" \/>\n<meta property=\"og:url\" content=\"http:\/\/www.autoescuelatriangulo.com\/website\/?page_id=462\" \/>\n<meta property=\"og:site_name\" content=\"Autoescuela Tri\u00e1ngulo\" \/>\n<meta property=\"article:modified_time\" content=\"2019-02-28T11:57:04+00:00\" \/>\n<meta name=\"twitter:card\" content=\"summary_large_image\" \/>\n<meta name=\"twitter:label1\" content=\"Tiempo de lectura\" \/>\n\t<meta name=\"twitter:data1\" content=\"4 minutos\" \/>\n<script type=\"application\/ld+json\" class=\"yoast-schema-graph\">{\"@context\":\"https:\/\/schema.org\",\"@graph\":[{\"@type\":\"WebPage\",\"@id\":\"http:\/\/www.autoescuelatriangulo.com\/website\/?page_id=462\",\"url\":\"http:\/\/www.autoescuelatriangulo.com\/website\/?page_id=462\",\"name\":\"Permisos - Autoescuela Tri\u00e1ngulo\",\"isPartOf\":{\"@id\":\"https:\/\/www.autoescuelatriangulo.com\/website\/#website\"},\"datePublished\":\"2018-09-27T09:00:27+00:00\",\"dateModified\":\"2019-02-28T11:57:04+00:00\",\"breadcrumb\":{\"@id\":\"http:\/\/www.autoescuelatriangulo.com\/website\/?page_id=462#breadcrumb\"},\"inLanguage\":\"es\",\"potentialAction\":[{\"@type\":\"ReadAction\",\"target\":[\"http:\/\/www.autoescuelatriangulo.com\/website\/?page_id=462\"]}]},{\"@type\":\"BreadcrumbList\",\"@id\":\"http:\/\/www.autoescuelatriangulo.com\/website\/?page_id=462#breadcrumb\",\"itemListElement\":[{\"@type\":\"ListItem\",\"position\":1,\"name\":\"Home\",\"item\":\"https:\/\/www.autoescuelatriangulo.com\/website\/\"},{\"@type\":\"ListItem\",\"position\":2,\"name\":\"Permisos\"}]},{\"@type\":\"WebSite\",\"@id\":\"https:\/\/www.autoescuelatriangulo.com\/website\/#website\",\"url\":\"https:\/\/www.autoescuelatriangulo.com\/website\/\",\"name\":\"Autoescuela Tri\u00e1ngulo\",\"description\":\"Autoescuela y formaci\u00f3n\",\"potentialAction\":[{\"@type\":\"SearchAction\",\"target\":{\"@type\":\"EntryPoint\",\"urlTemplate\":\"https:\/\/www.autoescuelatriangulo.com\/website\/?s={search_term_string}\"},\"query-input\":{\"@type\":\"PropertyValueSpecification\",\"valueRequired\":true,\"valueName\":\"search_term_string\"}}],\"inLanguage\":\"es\"}]}<\/script>\n<!-- \/ Yoast SEO plugin. -->","yoast_head_json":{"title":"Permisos - Autoescuela Tri\u00e1ngulo","robots":{"index":"index","follow":"follow","max-snippet":"max-snippet:-1","max-image-preview":"max-image-preview:large","max-video-preview":"max-video-preview:-1"},"canonical":"http:\/\/www.autoescuelatriangulo.com\/website\/?page_id=462","og_locale":"es_ES","og_type":"article","og_title":"Permisos - Autoescuela Tri\u00e1ngulo","og_description":"[vc_row bg_image=\u00bb353&#8243; bg_position=\u00bbcenter center\u00bb][vc_column][vc_row_inner css=\u00bb.vc_custom_1538039631914{padding-bottom: 50px !important;}\u00bb][vc_column_inner][block_title title=\u00bbPERMISOS\u00bb][\/block_title][\/vc_column_inner][\/vc_row_inner][vc_row_inner][vc_column_inner width=\u00bb1\/2&#8243;][media image=\u00bb632&#8243;][vc_column_text]Licencia para Conducir Ciclomotores Autoriza a conducir ciclomotores de dos o tres ruedas y cuadriciclos ligeros.[\/vc_column_text][vc_column_text]La Licencia de Conducci\u00f3n para\u00a0Ciclomotores\u00a0no autoriza a conducir \u00e9stos cuando se transportan viajeros sin haber cumplido los 18 a\u00f1os y adem\u00e1s, deben estar homologados para dos plazas. Edad m\u00ednima: 15 a\u00f1os[\/vc_column_text][\/vc_column_inner][vc_column_inner [&hellip;]","og_url":"http:\/\/www.autoescuelatriangulo.com\/website\/?page_id=462","og_site_name":"Autoescuela Tri\u00e1ngulo","article_modified_time":"2019-02-28T11:57:04+00:00","twitter_card":"summary_large_image","twitter_misc":{"Tiempo de lectura":"4 minutos"},"schema":{"@context":"https:\/\/schema.org","@graph":[{"@type":"WebPage","@id":"http:\/\/www.autoescuelatriangulo.com\/website\/?page_id=462","url":"http:\/\/www.autoescuelatriangulo.com\/website\/?page_id=462","name":"Permisos - Autoescuela Tri\u00e1ngulo","isPartOf":{"@id":"https:\/\/www.autoescuelatriangulo.com\/website\/#website"},"datePublished":"2018-09-27T09:00:27+00:00","dateModified":"2019-02-28T11:57:04+00:00","breadcrumb":{"@id":"http:\/\/www.autoescuelatriangulo.com\/website\/?page_id=462#breadcrumb"},"inLanguage":"es","potentialAction":[{"@type":"ReadAction","target":["http:\/\/www.autoescuelatriangulo.com\/website\/?page_id=462"]}]},{"@type":"BreadcrumbList","@id":"http:\/\/www.autoescuelatriangulo.com\/website\/?page_id=462#breadcrumb","itemListElement":[{"@type":"ListItem","position":1,"name":"Home","item":"https:\/\/www.autoescuelatriangulo.com\/website\/"},{"@type":"ListItem","position":2,"name":"Permisos"}]},{"@type":"WebSite","@id":"https:\/\/www.autoescuelatriangulo.com\/website\/#website","url":"https:\/\/www.autoescuelatriangulo.com\/website\/","name":"Autoescuela Tri\u00e1ngulo","description":"Autoescuela y formaci\u00f3n","potentialAction":[{"@type":"SearchAction","target":{"@type":"EntryPoint","urlTemplate":"https:\/\/www.autoescuelatriangulo.com\/website\/?s={search_term_string}"},"query-input":{"@type":"PropertyValueSpecification","valueRequired":true,"valueName":"search_term_string"}}],"inLanguage":"es"}]}},"_links":{"self":[{"href":"https:\/\/www.autoescuelatriangulo.com\/website\/index.php?rest_route=\/wp\/v2\/pages\/462","targetHints":{"allow":["GET"]}}],"collection":[{"href":"https:\/\/www.autoescuelatriangulo.com\/website\/index.php?rest_route=\/wp\/v2\/pages"}],"about":[{"href":"https:\/\/www.autoescuelatriangulo.com\/website\/index.php?rest_route=\/wp\/v2\/types\/page"}],"author":[{"embeddable":true,"href":"https:\/\/www.autoescuelatriangulo.com\/website\/index.php?rest_route=\/wp\/v2\/users\/1"}],"replies":[{"embeddable":true,"href":"https:\/\/www.autoescuelatriangulo.com\/website\/index.php?rest_route=%2Fwp%2Fv2%2Fcomments&post=462"}],"version-history":[{"count":15,"href":"https:\/\/www.autoescuelatriangulo.com\/website\/index.php?rest_route=\/wp\/v2\/pages\/462\/revisions"}],"predecessor-version":[{"id":715,"href":"https:\/\/www.autoescuelatriangulo.com\/website\/index.php?rest_route=\/wp\/v2\/pages\/462\/revisions\/715"}],"wp:attachment":[{"href":"https:\/\/www.autoescuelatriangulo.com\/website\/index.php?rest_route=%2Fwp%2Fv2%2Fmedia&parent=462"}],"curies":[{"name":"wp","href":"https:\/\/api.w.org\/{rel}","templated":true}]}}