{"id":192,"date":"2018-09-14T09:03:25","date_gmt":"2018-09-14T09:03:25","guid":{"rendered":"http:\/\/www.autoescuelatriangulo.com\/website\/?page_id=192"},"modified":"2019-02-28T11:52:47","modified_gmt":"2019-02-28T11:52:47","slug":"certificados-de-profesionalidad","status":"publish","type":"page","link":"http:\/\/www.autoescuelatriangulo.com\/website\/?page_id=192","title":{"rendered":"Certificados de profesionalidad"},"content":{"rendered":"<p>[vc_row bg_image=\u00bb653&#8243; bg_position=\u00bbright top\u00bb][vc_column width=\u00bb1\/2&#8243;][block_title style=\u00bbcolumn_title\u00bb title=\u00bbCertificados de profesionalidad\u00bb second_title=\u00bb\u00bfQu\u00e9 es un Certificado de Profesionalidad?\u00bb][\/block_title][vc_column_text]<\/p>\n<div class=\"txt_corrido\">\n<p>Un certificado de profesionalidad es un certificado de car\u00e1cter oficial que te acredita como profesional en ciertas actividades laborales. Estos cursos, acreditados por el SEPE, est\u00e1n relacionados con los nuevos contratos de formaci\u00f3n y aprendizaje y la formaci\u00f3n dual.<\/p>\n<p>Los certificados de profesionalidad constan de tres niveles de cualificaci\u00f3n profesional, siendo el 1 el m\u00e1s b\u00e1sico y el 3 el m\u00e1s complejo. Para acceder a cada uno de ellos, se tienen que cumplir algunos de estos requisitos:<\/p>\n<\/div>\n<ul class=\"menu_cap\">\n<li><strong>Nivel 1: Sin requisitos formativos ni profesionales.<\/strong><\/li>\n<li><strong>Nivel 2: T\u00edtulo de Graduado en Educaci\u00f3n Secundaria Obligatoria (ESO), Prueba de Acceso a Ciclo Formativo de Grado Medio, Certificado de profesionalidad del mismo nivel, Certificado de profesionalidad de nivel 1 de la misma familia profesional, Prueba de Acceso a la Universidad (PAU) para mayores de 25 a\u00f1os.<\/strong><\/li>\n<li><strong>Nivel 3: T\u00edtulo de Bachillerato, Certificado de profesionalidad del mismo nivel, Prueba de Acceso a Ciclo Formativo de Grado Superior, Certificado de profesionalidad de nivel 2 de la misma familia profesional, Prueba de Acceso a la Universidad (PAU) para mayores de 25 y\/o 45 a\u00f1os.<\/strong><\/li>\n<\/ul>\n<div class=\"txt_corrido\"><strong>Autoescuela Triangulo<\/strong>\u00a0cuenta con un cat\u00e1logo de Certificados de Profesionalidad que acreditan tu cualificaci\u00f3n.<\/div>\n<p>[\/vc_column_text][\/vc_column][vc_column width=\u00bb1\/2&#8243;][\/vc_column][\/vc_row][vc_row][vc_column][media alignment=\u00bbcenter\u00bb image=\u00bb706&#8243; width=\u00bb700&#8243;][\/vc_column][\/vc_row][vc_row][vc_column][block_title title=\u00bbEspecialidades Formativas Homologadas\u00bb]<\/p>\n<h2>ATOESCUELA TRI\u00c1NGULO<\/h2>\n<p>[\/block_title][list icon=\u00bbmoon-car\u00bb][list_item title=\u00bb TMVC21 &#8211; CONDUCTOR VEH\u00cdCULOS CLASE \u00abB\u00ab &#8211; ACREDITADO 21\/01\/2013&#8243;][list_item title=\u00bbTMVC05 &#8211; CONDUCTOR VEH\u00cdCULOS ARTICULADOS &#8211; ACREDITADO 21\/01\/2013&#8243;][list_item title=\u00bbTMVC20 &#8211; CONDUCTOR VEH\u00cdCULOS LIGEROS &#8211; ACREDITADO 21\/01\/2013&#8243;][list_item title=\u00bbTMVC43 &#8211; \u00abCAP\u00ab TRANSPORTE VIAJEROS CARRETERA &#8211; ACREDITADO 21\/01\/2013&#8243;][list_item title=\u00bb__________________________________________________________________________________________________________________________________________________________________________________\u00bb][list_item title=\u00bbTMVI0208 &#8211; CONDUCCI\u00d3N DE VEH\u00cdCULOS PESADOS DE TRANSPORTE DE MERCANC\u00cdAS POR CARRETERA &#8211; NIVEL 2 &#8211; ACREDITADO 21\/01\/2013&#8243;][list_item title=\u00bbTMVI0108 &#8211; CONDUCCI\u00d3N DE AUTOBUSES &#8211; NIVEL 2 &#8211; ACREDITADO 21\/01\/2013&#8243;][list_item title=\u00bb__________________________________________________________________________________________________________________________________________________________________________________\u00bb][list_item title=\u00bbIFCI17 &#8211; T\u00c9CNICO EN SOFTWARE INFORM\u00c1TICO &#8211; ACREDITADO 21\/01\/2013&#8243;][list_item title=\u00bbIFCT0310 &#8211; ADMINISTRACI\u00d3N DE BASES DE DATOS &#8211; NIVEL 3 &#8211; ACREDITADO 21\/01\/2013&#8243;][list_item title=\u00bbIFCT0109 &#8211; SEGURIDAD INFORM\u00c1TICA &#8211; NIVEL 3 &#8211; ACREDITADO 21\/01\/2013&#8243;][list_item title=\u00bb__________________________________________________________________________________________________________________________________________________________________________________\u00bb][list_item title=\u00bbSEAG0211 &#8211; GESTI\u00d3N AMBIENTAL &#8211; NIVEL 3 &#8211; ACREDITADO 21\/01\/2013&#8243;][list_item title=\u00bbARGD02 &#8211; DISE\u00d1O Y MODIFICACI\u00d3N DE PLANOS 2D Y 3D &#8211; ACREDITADO 21\/01\/2013&#8243;][\/list][\/vc_column][\/vc_row][vc_row][vc_column][block_title inner_style_title=\u00bbonly_text\u00bb]<\/p>\n<h2 style=\"text-align: left;\">____________________________________________________________________________________________________________________<\/h2>\n<p>[\/block_title][list icon=\u00bbmoon-car\u00bb][list_item title=\u00bbADGD0208 &#8211; GESTI\u00d3N INTEGRADA DE RECURSOS HUMANOS &#8211; NIVEL 3 &#8211; ACREDITADO 06\/06\/2018&#8243;][list_item title=\u00bbADGD0308 &#8211; ACTIVIDADES DE GESTI\u00d3N ADMINISTRATIVA &#8211; NIVEL 2 &#8211; ACREDITADO 06\/06\/2018&#8243;][list_item title=\u00bbADGD0408 &#8211; OPERACIONES AUXILIARES DE SERVICIOS ADMINISTRATIVOS GENERALES &#8211; NIVEL 1 &#8211; ACREDITADO 06\/06\/2018&#8243;][list_item title=\u00bbADGD0508 &#8211; OPERACIONES DE GRABACI\u00d3N Y TRATAMIENTO DE DATOS Y DOCUMENTOS &#8211; NIVEL 1 &#8211; ACREDITADO 06\/06\/2018&#8243;][list_item title=\u00bbADGD0110 &#8211; GESTI\u00d3N Y T\u00c9CNICA DE SEGUROS Y REASEGUROS PRIVADOS &#8211; NIVEL 3 &#8211; ACREDITADO 06\/06\/2018&#8243;][list_item title=\u00bb__________________________________________________________________________________________________________________________________________________________________________________\u00bb][list_item title=\u00bbCOML0109 &#8211; TR\u00c1FICO DE MERCANC\u00cdAS POR CARRETERA &#8211; NIVEL 3 &#8211; ACREDITADO 06\/06\/2018&#8243;][list_item title=\u00bbCOML0209 &#8211; ORGANIZACI\u00d3N DEL TRANSPORTE Y LA DISTRIBUCI\u00d3N &#8211; NIVEL 3 &#8211; ACREDITADO 06\/06\/2018&#8243;][list_item title=\u00bb__________________________________________________________________________________________________________________________________________________________________________________\u00bb][list_item title=\u00bbEOCO0109 &#8211; CONTROL DE PROYECTOS Y OBRAS DE CONSTRUCCI\u00d3N &#8211; NIVEL 3 &#8211; ACREDITADO 06\/06\/2018&#8243;][list_item title=\u00bb__________________________________________________________________________________________________________________________________________________________________________________\u00bb][list_item title=\u00bbIFCD0110 &#8211; CONFECCI\u00d3N Y PUBLICACI\u00d3N DE PAGINAS WEB &#8211; NIVEL 2 &#8211; ACREDITADO 06\/06\/2018&#8243;][list_item title=\u00bbIFCM0110 &#8211; OPERACI\u00d3N DE SISTEMAS DE COMUNICACI\u00d3N DE VOZ Y DATOS &#8211; NIVEL 2 &#8211; ACREDITADO 06\/06\/2018&#8243;][list_item title=\u00bbIFCT0109 &#8211; SEGURIDAD INFORM\u00c1TICA &#8211; NIVEL 3 &#8211; ACREDITADO 06\/06\/2018&#8243;][list_item title=\u00bbIFCT0209 &#8211; SISTEMAS MICROINFORM\u00c1TICOS &#8211; NIVEL 2 &#8211; ACREDITADO 06\/06\/2018&#8243;][list_item title=\u00bb__________________________________________________________________________________________________________________________________________________________________________________\u00bb][list_item title=\u00bbSSCB0110 &#8211; DINAMIZACI\u00d3N, PROGRAMACI\u00d3N Y DESARROLLO DE ACCIONES CULTURALES &#8211; NIVEL 3 &#8211; ACREDITADO 06\/06\/2018&#8243;][list_item title=\u00bbSSCE0110 &#8211; DOCENCIA DE LA FORMACI\u00d3N PROFESIONAL PARA EL EMPLEO &#8211; NIVEL 3 &#8211; ACREDITADO 06\/06\/2018&#8243;][list_item title=\u00bbSSCG0110 &#8211; GESTI\u00d3N DE LLAMADAS DE TELEASISTENCIA &#8211; NIVEL 2 &#8211; ACREDITADO 06\/06\/2018&#8243;][\/list][\/vc_column][\/vc_row][vc_row][vc_column][block_title inner_style_title=\u00bbonly_text\u00bb]<\/p>\n<h2 style=\"text-align: left;\">____________________________________________________________________________________________________________________<\/h2>\n<p>[\/block_title][list icon=\u00bbmoon-car\u00bb][list_item title=\u00bbFCOV26 &#8211; COMPETENCIAS CLAVE PARA CERTIFICADOS DE PROFESIONALIDAD CON IDIOMAS &#8211; NIVEL 2  &#8211; ACREDITADO 06\/06\/2018&#8243;][list_item title=\u00bbFCOV27 &#8211; COMPETENCIAS CLAVE PARA CERTIFICADOS DE PROFESIONALIDAD SIN IDIOMAS &#8211; NIVEL 2 &#8211; ACREDITADO 06\/06\/2018&#8243;][list_item title=\u00bbTMVC43 &#8211; TRANSPORTE DE VIAJEROS POR CARRETERA CAP &#8211; ACREDITADO 06\/06\/2018&#8243;][list_item title=\u00bbTMVC44 &#8211; TRANSPORTE DE MERCANC\u00cdAS POR CARRETERA CAP &#8211; ACREDITADO 06\/06\/2018&#8243;][list_item title=\u00bbTMV1002PO &#8211; ADR. TRANSPORTE MERCANC\u00cdAS PELIGROSAS &#8211; ACREDITADO 06\/06\/2018&#8243;][list_item title=\u00bbTMV1003PO &#8211; ADR. TRANSPORTE MATERIAS PELIGROSAS EN CISTERNAS, CONTENEDORES O VEH\u00cdCULOS BATER\u00cdA &#8211; ACREDITADO 06\/06\/2018&#8243;][list_item title=\u00bbTMV1006PO &#8211; ADR. TRANSPORTE MATERIAS Y OBJETOS CLASE I &#8211; ACREDITADO 06\/06\/2018&#8243;][list_item title=\u00bbTMV1008PO &#8211; CERTIFICADO APTITUD PROFESIONAL CAP PARA CONDUCTORES RENOVACI\u00d3N &#8211; ACREDITADO 06\/06\/2018&#8243;][list_item title=\u00bbTMV1009PO &#8211; CUALIFICACI\u00d3N INICIAL CONDUCTORES PARA EL TRANSPORTE DE VIAJEROS CAP &#8211; ACREDITADO 06\/06\/2018&#8243;][list_item title=\u00bbTMV1010PO &#8211; CUALIFICACI\u00d3N INICIAL CONDUCTORES PARA EL TRANSPORTE DE MERCANC\u00cdAS CAP &#8211; ACREDITADO 06\/06\/2018&#8243;][list_item title=\u00bbTMV1011PO &#8211; CONDUCCI\u00d3N DE REMOLQUES Y SEMIRREMOLQUES &#8211; ACREDITADO 06\/06\/2018&#8243;][list_item title=\u00bbTMV1013PO &#8211; CONDUCCI\u00d3N EFICIENTE &#8211; ACREDITADO 06\/06\/2018&#8243;][list_item title=\u00bbTMV1014PO &#8211; CONDUCCI\u00d3N EN SITUACIONES DE EMERGENCIA &#8211; ACREDITADO 06\/06\/2018&#8243;][list_item title=\u00bbTMV1016PO &#8211; CONDUCCI\u00d3N RACIONAL, ECON\u00d3MICA Y SEGURA DE VEH\u00cdCULOS DE TRANSPORTE DE MERCANC\u00cdAS POR CARRETERA &#8211; ACREDITADO 06\/06\/2018&#8243;][list_item title=\u00bbTMV1019PO &#8211; CONDUCCI\u00d3N DE VEH\u00cdCULOS LIGEROS POR CARRETERA &#8211; ACREDITADO 06\/06\/2018&#8243;][list_item title=\u00bbTMV1020PO &#8211; CONDUCCI\u00d3N DE VEH\u00cdCULOS PESADOS POR CARRETERA &#8211; ACREDITADO 06\/06\/2018&#8243;][list_item title=\u00bbTMV1026PO &#8211; FORMACI\u00d3N CONTINUA OBLIGATORIA PARA CONDUCTORES CAP &#8211; ACREDITADO 06\/06\/2018&#8243;][list_item title=\u00bbTMV1028PO &#8211; FORMADOR PARA FORMADORES DE AUTOESCUELAS DE MERCANC\u00cdAS PELIGROSAS &#8211; ACREDITADO 06\/06\/2018&#8243;][list_item title=\u00bbTMV102EXP &#8211; CONDUCCI\u00d3N VEH\u00cdCULOS TRANSPORTE LIGERO PARA CARNET CLASE B Y MANEJO DE MERCANC\u00cdAS &#8211; ACREDITADO 06\/06\/2018&#8243;][list_item title=\u00bbTMV1033PO &#8211; TAC\u00d3GRAFO DIGITAL &#8211; ACREDITADO 06\/06\/2018&#8243;][list_item title=\u00bbTMV1034PO &#8211; T\u00c9CNICAS DE CONDUCCI\u00d3N EN SEGURIDAD PRIVADA &#8211; ACREDITADO 06\/06\/2018&#8243;][list_item title=\u00bbTMV1035PO &#8211; TRANSPORTE DE EXPLOSIVOS &#8211; ACREDITADO 06\/06\/2018&#8243;][list_item title=\u00bbTMV1037PO &#8211; TRANSPORTE DE VIAJEROS CON CARACTER\u00cdSTICAS ESPECIALES &#8211; ACREDITADO 06\/06\/2018&#8243;][list_item title=\u00bbTMV1039PO &#8211; USO Y MANEJO DEL GPS &#8211; ACREDITADO 06\/06\/2018&#8243;][list_item title=\u00bbTMV103EXP &#8211; CONDUCCI\u00d3N DE VEH\u00cdCULOS CLASE C &#8211; ACREDITADO 06\/06\/2018&#8243;][list_item title=\u00bbTMV1042PO &#8211; RENOVACI\u00d3N DEL ADR B\u00c1SICO COM\u00daN Y ESPECIALIDADES CISTERNAS &#8211; ACREDITADO 06\/06\/2018&#8243;][list_item title=\u00bbTMV1043PO &#8211; OBTENCI\u00d3N DEL ADR B\u00c1SICO COM\u00daN Y ESPECIALIDADES CISTERNAS &#8211; ACREDITADO 06\/06\/2018&#8243;][\/list][\/vc_column][\/vc_row]<\/p>\n","protected":false},"excerpt":{"rendered":"<p>[vc_row bg_image=\u00bb653&#8243; bg_position=\u00bbright top\u00bb][vc_column width=\u00bb1\/2&#8243;][block_title style=\u00bbcolumn_title\u00bb title=\u00bbCertificados de profesionalidad\u00bb second_title=\u00bb\u00bfQu\u00e9 es un Certificado de Profesionalidad?\u00bb][\/block_title][vc_column_text] Un certificado de profesionalidad es un certificado de car\u00e1cter oficial que te acredita como profesional en ciertas actividades laborales. Estos cursos, acreditados por el SEPE, est\u00e1n relacionados con los nuevos contratos de formaci\u00f3n y aprendizaje y la formaci\u00f3n dual. Los [&hellip;]<\/p>\n","protected":false},"author":1,"featured_media":0,"parent":0,"menu_order":0,"comment_status":"closed","ping_status":"closed","template":"","meta":{"footnotes":""},"class_list":["post-192","page","type-page","status-publish","hentry"],"yoast_head":"<!-- This site is optimized with the Yoast SEO plugin v25.9 - https:\/\/yoast.com\/wordpress\/plugins\/seo\/ -->\n<title>Certificados de profesionalidad - Autoescuela Tri\u00e1ngulo<\/title>\n<meta name=\"robots\" content=\"index, follow, max-snippet:-1, max-image-preview:large, max-video-preview:-1\" \/>\n<link rel=\"canonical\" href=\"http:\/\/www.autoescuelatriangulo.com\/website\/?page_id=192\" \/>\n<meta property=\"og:locale\" content=\"es_ES\" \/>\n<meta property=\"og:type\" content=\"article\" \/>\n<meta property=\"og:title\" content=\"Certificados de profesionalidad - Autoescuela Tri\u00e1ngulo\" \/>\n<meta property=\"og:description\" content=\"[vc_row bg_image=\u00bb653&#8243; bg_position=\u00bbright top\u00bb][vc_column width=\u00bb1\/2&#8243;][block_title style=\u00bbcolumn_title\u00bb title=\u00bbCertificados de profesionalidad\u00bb second_title=\u00bb\u00bfQu\u00e9 es un Certificado de Profesionalidad?\u00bb][\/block_title][vc_column_text] Un certificado de profesionalidad es un certificado de car\u00e1cter oficial que te acredita como profesional en ciertas actividades laborales. Estos cursos, acreditados por el SEPE, est\u00e1n relacionados con los nuevos contratos de formaci\u00f3n y aprendizaje y la formaci\u00f3n dual. Los [&hellip;]\" \/>\n<meta property=\"og:url\" content=\"http:\/\/www.autoescuelatriangulo.com\/website\/?page_id=192\" \/>\n<meta property=\"og:site_name\" content=\"Autoescuela Tri\u00e1ngulo\" \/>\n<meta property=\"article:modified_time\" content=\"2019-02-28T11:52:47+00:00\" \/>\n<meta name=\"twitter:card\" content=\"summary_large_image\" \/>\n<meta name=\"twitter:label1\" content=\"Tiempo de lectura\" \/>\n\t<meta name=\"twitter:data1\" content=\"6 minutos\" \/>\n<script type=\"application\/ld+json\" class=\"yoast-schema-graph\">{\"@context\":\"https:\/\/schema.org\",\"@graph\":[{\"@type\":\"WebPage\",\"@id\":\"http:\/\/www.autoescuelatriangulo.com\/website\/?page_id=192\",\"url\":\"http:\/\/www.autoescuelatriangulo.com\/website\/?page_id=192\",\"name\":\"Certificados de profesionalidad - Autoescuela Tri\u00e1ngulo\",\"isPartOf\":{\"@id\":\"http:\/\/www.autoescuelatriangulo.com\/website\/#website\"},\"datePublished\":\"2018-09-14T09:03:25+00:00\",\"dateModified\":\"2019-02-28T11:52:47+00:00\",\"breadcrumb\":{\"@id\":\"http:\/\/www.autoescuelatriangulo.com\/website\/?page_id=192#breadcrumb\"},\"inLanguage\":\"es\",\"potentialAction\":[{\"@type\":\"ReadAction\",\"target\":[\"http:\/\/www.autoescuelatriangulo.com\/website\/?page_id=192\"]}]},{\"@type\":\"BreadcrumbList\",\"@id\":\"http:\/\/www.autoescuelatriangulo.com\/website\/?page_id=192#breadcrumb\",\"itemListElement\":[{\"@type\":\"ListItem\",\"position\":1,\"name\":\"Home\",\"item\":\"http:\/\/www.autoescuelatriangulo.com\/website\/\"},{\"@type\":\"ListItem\",\"position\":2,\"name\":\"Certificados de profesionalidad\"}]},{\"@type\":\"WebSite\",\"@id\":\"http:\/\/www.autoescuelatriangulo.com\/website\/#website\",\"url\":\"http:\/\/www.autoescuelatriangulo.com\/website\/\",\"name\":\"Autoescuela Tri\u00e1ngulo\",\"description\":\"Autoescuela y formaci\u00f3n\",\"potentialAction\":[{\"@type\":\"SearchAction\",\"target\":{\"@type\":\"EntryPoint\",\"urlTemplate\":\"http:\/\/www.autoescuelatriangulo.com\/website\/?s={search_term_string}\"},\"query-input\":{\"@type\":\"PropertyValueSpecification\",\"valueRequired\":true,\"valueName\":\"search_term_string\"}}],\"inLanguage\":\"es\"}]}<\/script>\n<!-- \/ Yoast SEO plugin. -->","yoast_head_json":{"title":"Certificados de profesionalidad - Autoescuela Tri\u00e1ngulo","robots":{"index":"index","follow":"follow","max-snippet":"max-snippet:-1","max-image-preview":"max-image-preview:large","max-video-preview":"max-video-preview:-1"},"canonical":"http:\/\/www.autoescuelatriangulo.com\/website\/?page_id=192","og_locale":"es_ES","og_type":"article","og_title":"Certificados de profesionalidad - Autoescuela Tri\u00e1ngulo","og_description":"[vc_row bg_image=\u00bb653&#8243; bg_position=\u00bbright top\u00bb][vc_column width=\u00bb1\/2&#8243;][block_title style=\u00bbcolumn_title\u00bb title=\u00bbCertificados de profesionalidad\u00bb second_title=\u00bb\u00bfQu\u00e9 es un Certificado de Profesionalidad?\u00bb][\/block_title][vc_column_text] Un certificado de profesionalidad es un certificado de car\u00e1cter oficial que te acredita como profesional en ciertas actividades laborales. Estos cursos, acreditados por el SEPE, est\u00e1n relacionados con los nuevos contratos de formaci\u00f3n y aprendizaje y la formaci\u00f3n dual. Los [&hellip;]","og_url":"http:\/\/www.autoescuelatriangulo.com\/website\/?page_id=192","og_site_name":"Autoescuela Tri\u00e1ngulo","article_modified_time":"2019-02-28T11:52:47+00:00","twitter_card":"summary_large_image","twitter_misc":{"Tiempo de lectura":"6 minutos"},"schema":{"@context":"https:\/\/schema.org","@graph":[{"@type":"WebPage","@id":"http:\/\/www.autoescuelatriangulo.com\/website\/?page_id=192","url":"http:\/\/www.autoescuelatriangulo.com\/website\/?page_id=192","name":"Certificados de profesionalidad - Autoescuela Tri\u00e1ngulo","isPartOf":{"@id":"http:\/\/www.autoescuelatriangulo.com\/website\/#website"},"datePublished":"2018-09-14T09:03:25+00:00","dateModified":"2019-02-28T11:52:47+00:00","breadcrumb":{"@id":"http:\/\/www.autoescuelatriangulo.com\/website\/?page_id=192#breadcrumb"},"inLanguage":"es","potentialAction":[{"@type":"ReadAction","target":["http:\/\/www.autoescuelatriangulo.com\/website\/?page_id=192"]}]},{"@type":"BreadcrumbList","@id":"http:\/\/www.autoescuelatriangulo.com\/website\/?page_id=192#breadcrumb","itemListElement":[{"@type":"ListItem","position":1,"name":"Home","item":"http:\/\/www.autoescuelatriangulo.com\/website\/"},{"@type":"ListItem","position":2,"name":"Certificados de profesionalidad"}]},{"@type":"WebSite","@id":"http:\/\/www.autoescuelatriangulo.com\/website\/#website","url":"http:\/\/www.autoescuelatriangulo.com\/website\/","name":"Autoescuela Tri\u00e1ngulo","description":"Autoescuela y formaci\u00f3n","potentialAction":[{"@type":"SearchAction","target":{"@type":"EntryPoint","urlTemplate":"http:\/\/www.autoescuelatriangulo.com\/website\/?s={search_term_string}"},"query-input":{"@type":"PropertyValueSpecification","valueRequired":true,"valueName":"search_term_string"}}],"inLanguage":"es"}]}},"_links":{"self":[{"href":"http:\/\/www.autoescuelatriangulo.com\/website\/index.php?rest_route=\/wp\/v2\/pages\/192","targetHints":{"allow":["GET"]}}],"collection":[{"href":"http:\/\/www.autoescuelatriangulo.com\/website\/index.php?rest_route=\/wp\/v2\/pages"}],"about":[{"href":"http:\/\/www.autoescuelatriangulo.com\/website\/index.php?rest_route=\/wp\/v2\/types\/page"}],"author":[{"embeddable":true,"href":"http:\/\/www.autoescuelatriangulo.com\/website\/index.php?rest_route=\/wp\/v2\/users\/1"}],"replies":[{"embeddable":true,"href":"http:\/\/www.autoescuelatriangulo.com\/website\/index.php?rest_route=%2Fwp%2Fv2%2Fcomments&post=192"}],"version-history":[{"count":9,"href":"http:\/\/www.autoescuelatriangulo.com\/website\/index.php?rest_route=\/wp\/v2\/pages\/192\/revisions"}],"predecessor-version":[{"id":712,"href":"http:\/\/www.autoescuelatriangulo.com\/website\/index.php?rest_route=\/wp\/v2\/pages\/192\/revisions\/712"}],"wp:attachment":[{"href":"http:\/\/www.autoescuelatriangulo.com\/website\/index.php?rest_route=%2Fwp%2Fv2%2Fmedia&parent=192"}],"curies":[{"name":"wp","href":"https:\/\/api.w.org\/{rel}","templated":true}]}}